{"id":2,"date":"2008-04-22T12:11:57","date_gmt":"2008-04-22T10:11:57","guid":{"rendered":"http:\/\/www.guazzini.com\/blog\/?page_id=2"},"modified":"2023-03-09T18:51:00","modified_gmt":"2023-03-09T16:51:00","slug":"info","status":"publish","type":"page","link":"http:\/\/www.guazzini.com\/blog\/?page_id=2","title":{"rendered":"Chi sono"},"content":{"rendered":"<p><a href=\"https:\/\/www.flickr.com\/people\/guazzini\/\" target=\"_blank\" rel=\"noopener\"><img loading=\"lazy\" decoding=\"async\" class=\"alignleft wp-image-3453 size-medium\" title=\"David Guazzini\" src=\"http:\/\/www.guazzini.com\/blog\/wp-content\/uploads\/2023\/03\/David-225x300.jpg\" alt=\"David Guazzini\" width=\"225\" height=\"300\" srcset=\"http:\/\/www.guazzini.com\/blog\/wp-content\/uploads\/2023\/03\/David-225x300.jpg 225w, http:\/\/www.guazzini.com\/blog\/wp-content\/uploads\/2023\/03\/David-769x1024.jpg 769w, http:\/\/www.guazzini.com\/blog\/wp-content\/uploads\/2023\/03\/David-768x1022.jpg 768w, http:\/\/www.guazzini.com\/blog\/wp-content\/uploads\/2023\/03\/David-1154x1536.jpg 1154w, http:\/\/www.guazzini.com\/blog\/wp-content\/uploads\/2023\/03\/David.jpg 1202w\" sizes=\"auto, (max-width: 225px) 100vw, 225px\" \/><\/a><br \/>\nClasse &rsquo;72 come si diceva una volta. Met\u00e0 francese, met\u00e0 italiano.&nbsp;Francia, Italia ? Cittadino europeo, l&rsquo;importante \u00e8 non fermarsi mai.<\/p>\n<p>Sposato con due meravigliose figlie, sono nato sotto il segno dell&rsquo;Ariete (per chi ci crede) ed in questo segno ho pure l&rsquo;ascendente (almeno non ci sbagliamo).&nbsp;Da qui, forse, un carattere forse buono ma molto rompiscatole. Diciamo che la pazienza e la calma non mi appartengono propriamente. Ma i miei amici e soprattutto mia moglie, riescono a sfruttare al meglio questa mia \u00ab\u00a0energia\u00a0\u00bb trasformandola in qualcosa di buono.<\/p>\n<p>Se avessi tempo e denaro passerei le giornate a viaggiare e\/o fare attivit\u00e0 sportive. Ma visto che il buon Dio ha voluto altrimenti, lavoro e riempio gli spazi vuoti (sempre meno) con le mie attivit\u00e0 preferite: sport (il giusto per stare in forma) ed, in&nbsp;generale, tutto quello che mi pu\u00f2 emozionare; quindi, un pezzo musicale, un paesaggio, una gara sportiva (no calcio), un film o un&rsquo;istantanea di vita quotidiana.<\/p>\n<p>Mi piace l&rsquo;arte nelle sue varie forme e l&rsquo;architettura (romanica, gotica ma anche quella contemporanea) che mi portano a visitare di continuo sia luoghi pagani, che sacri. Amo anche leggere libri scritti bene e quando ho tempo, scatto foto.<\/p>\n<p>Gi\u00e0, la fotografia&#8230; Una passione che mi porto dietro dagli anni &rsquo;80. Scatto per me, per il mio piacere personale e per fissare momenti irripetibili e, magari, emozionanti. L&rsquo;elemento umano \u00e8 quello che mi da pi\u00f9 soddisfazione ed \u00e8 quindi il mio soggetto preferito. Ma sono solo un appassionato e non un vero fotografo; se fossi davvero bravo per\u00f2, lo farei di mestiere.<\/p>\n<p>Ho poca memoria: buona quella visiva e uditiva, pessime le altre. L\u00ec, il mio cervello presenta veri e propri casi si \u00ab\u00a0dissociazione\u00a0\u00bb corporea. Odio le telefonate lunghe. Sono una persona pragmatica, condita da profonde inquietudini e cosparsa di malinconia.<\/p>\n<p>Credo in Dio.<\/p>\n<p>Qui di seguito alcune raccolte di foto che ho fatto qua e l\u00e0 che occupano molto del mio tempo libero.<\/p>\n<p>Spero che qualcosa vi piaccia.<\/p>\n<p>David&nbsp;<\/p>\n","protected":false},"excerpt":{"rendered":"<p>Classe &rsquo;72 come si diceva una volta. Met\u00e0 francese, met\u00e0 italiano.&nbsp;Francia, Italia ? Cittadino europeo, l&rsquo;importante \u00e8 non fermarsi mai. Sposato con due meravigliose figlie, sono nato sotto il segno dell&rsquo;Ariete (per chi ci crede) ed in questo segno ho &hellip; <a href=\"http:\/\/www.guazzini.com\/blog\/?page_id=2\">Continuer la lecture <span class=\"meta-nav\">&rarr;<\/span><\/a><\/p>\n","protected":false},"author":1,"featured_media":0,"parent":0,"menu_order":1,"comment_status":"open","ping_status":"open","template":"","meta":{"_exactmetrics_skip_tracking":false,"_exactmetrics_sitenote_active":false,"_exactmetrics_sitenote_note":"","_exactmetrics_sitenote_category":0,"ngg_post_thumbnail":0,"footnotes":""},"class_list":["post-2","page","type-page","status-publish","hentry"],"_links":{"self":[{"href":"http:\/\/www.guazzini.com\/blog\/index.php?rest_route=\/wp\/v2\/pages\/2","targetHints":{"allow":["GET"]}}],"collection":[{"href":"http:\/\/www.guazzini.com\/blog\/index.php?rest_route=\/wp\/v2\/pages"}],"about":[{"href":"http:\/\/www.guazzini.com\/blog\/index.php?rest_route=\/wp\/v2\/types\/page"}],"author":[{"embeddable":true,"href":"http:\/\/www.guazzini.com\/blog\/index.php?rest_route=\/wp\/v2\/users\/1"}],"replies":[{"embeddable":true,"href":"http:\/\/www.guazzini.com\/blog\/index.php?rest_route=%2Fwp%2Fv2%2Fcomments&post=2"}],"version-history":[{"count":16,"href":"http:\/\/www.guazzini.com\/blog\/index.php?rest_route=\/wp\/v2\/pages\/2\/revisions"}],"predecessor-version":[{"id":3458,"href":"http:\/\/www.guazzini.com\/blog\/index.php?rest_route=\/wp\/v2\/pages\/2\/revisions\/3458"}],"wp:attachment":[{"href":"http:\/\/www.guazzini.com\/blog\/index.php?rest_route=%2Fwp%2Fv2%2Fmedia&parent=2"}],"curies":[{"name":"wp","href":"https:\/\/api.w.org\/{rel}","templated":true}]}}